0).
-8
Let d(k) = k**3 + 3*k**2 - 2*k + 5. Give d(-4).
-3
Let w(c) = -c**3 + 6*c**2 - c - 1. Determine w(3).
23
Let h(n) = -n**3 - 3*n**2 - 3*n - 6. Determine h(-4).
22
Let g(r) = 2*r**3 + 3*r**2 - 81*r - 23. What is g(-7)?
5
Let q(p) = 58*p - 180. Determine q(3).
-6
Let c(n) = -n**3 + 13*n**2 - 11*n - 27. What is c(12)?
-15
Let r(m) = 30*m - 18. Calculate r(5).
132
Let u(p) = p**2 + 19*p - 110. Give u(0).
-110
Let f(v) = -v**3 + 2*v**2 + 9*v + 1. What is f(4)?
5
Let l(x) = 2*x - 9. What is l(-2)?
-13
Let d(n) = 4*n + 11. Determine d(-5).
-9
Let z(m) = 3*m**3 - 2*m**2 - m. What is z(-1)?
-4
Let m(o) = 40*o + 144. Determine m(-4).
-16
Let j(m) = -m**2 - 24*m - 8. Determine j(-23).
15
Let n(k) = 4*k**2 + 8*k + 5. What is n(-4)?
37
Let n(b) = 4*b**3 + 5*b**2 + 2*b + 5. What is n(-4)?
-179
Let m(o) = o**3 - 7*o**2 + 5*o + 2. What is m(6)?
-4
Let h(d) = -d**2 - 4*d - 6. Give h(7).
-83
Let z(a) = 11*a + 86. Determine z(-8).
-2
Let j(c) = c**2 - 18*c + 16. What is j(18)?
16
Let z(r) = 22*r + 156. Give z(-9).
-42
Let t(p) = -22*p + 16. Calculate t(2).
-28
Let m(w) = 10*w - 373. What is m(33)?
-43
Let o(n) = n**2 + 10*n - 4. Give o(-10).
-4
Let r(d) = d**2 + 3*d + 3. Give r(-3).
3
Let r(z) = -z**3 + 9*z**2 + 11*z + 7. What is r(10)?
17
Let a(s) = 18*s - 135. What is a(7)?
-9
Let h(o) = -o**3 + 36*o**2 + 40*o - 100. Calculate h(37).
11
Let c(h) = -3*h - 7. Determine c(-3).
2
Let j(p) = -p - 15. Give j(15).
-30
Let f(l) = 43*l**3 + l**2 + 5*l + 4. Calculate f(-1).
-43
Let f(k) = -k**2 + 22*k - 95. Give f(16).
1
Let v(l) = -l**2 - 7*l + 1. Calculate v(-6).
7
Let s(q) = 14*q + 113. Calculate s(-8).
1
Let m(o) = 8*o + 109. What is m(-14)?
-3
Let n(q) = -5*q**3. Calculate n(1).
-5
Let x(q) = 5*q. What is x(5)?
25
Let h(c) = c**2 + 43*c + 317. Give h(-34).
11
Let h(t) = -t**3 + 11*t**2 + 82*t - 19. Determine h(16).
13
Let x(a) = -4*a**2 - 71*a - 35. Determine x(-17).
16
Let y(k) = 4*k**2 - 9*k + 17. What is y(5)?
72
Let a(q) = -11*q + 3. What is a(-2)?
25
Let r(w) = -w**3 - 11*w**2 + 4*w + 9. Give r(-11).
-35
Let z(x) = -2*x**2 - 22*x - 42. Give z(-2).
-6
Let u(m) = m**3 - 10*m**2 - 71*m + 15. What is u(-5)?
-5
Let u(l) = l - 29. What is u(20)?
-9
Let j(l) = 174*l - 524. Determine j(3).
-2
Let f(o) = 66*o**2. Calculate f(-1).
66
Let r(v) = -2*v**3 - 29*v**2 + 8*v - 105. Give r(-15).
0
Let c(k) = -k**3 + 6*k**2 + 9*k - 1. Determine c(6).
53
Let h(g) = g**3 - 3*g**2 - 14. Give h(4).
2
Let t(v) = -v**3 + 9*v**2 + 15*v - 1. Calculate t(10).
49
Let s(k) = 2*k**2 + 9*k - 3. Calculate s(-7).
32
Let k(s) = -2*s + 14. What is k(6)?
2
Let t(o) = -o + 11. Determine t(11).
0
Let x(g) = -g**2 - 8*g + 3. Determine x(-7).
10
Let j(w) = -5*w + 2. Give j(5).
-23
Let p(x) = -x + 21. Calculate p(12).
9
Let x(f) = 37*f - 78. Give x(2).
-4
Let w(n) = 4*n - 116. What is w(29)?
0
Let d(i) = i**2 - 4*i + 6. Calculate d(5).
11
Let c(t) = 3*t - 6. Calculate c(16).
42
Let t(a) = -4*a - 51. Determine t(-12).
-3
Let v(o) = -5*o + 7. Give v(5).
-18
Let p(i) = -i**3 - 4*i**2 + 13*i + 6. Determine p(-6).
0
Let m(j) = -j**2 + 13*j - 11. Determine m(12).
1
Let y(l) = 6*l - 6. Calculate y(3).
12
Let q(f) = -13*f + 3. Determine q(-4).
55
Let c(w) = 100*w + 403. Determine c(-4).
3
Let h(j) = -2*j**2 - 25*j + 4. Give h(-13).
-9
Let h(w) = w - 8. Give h(-7).
-15
Let q(s) = 24*s**3 - 4*s**2 - 4*s - 1. What is q(-1)?
-25
Let p(r) = 6*r - 7. Calculate p(6).
29
Let k(b) = b**3 + 4*b**2 + b - 4. Determine k(-4).
-8
Let k(y) = -8*y + 9. Determine k(2).
-7
Let g(o) = o**2 + 8*o + 7. Determine g(-7).
0
Let v(o) = -8*o - 16. What is v(-7)?
40
Let z(u) = -u**2 - 30*u - 183. Give z(-22).
-7
Let p(r) = -r**3 - 7*r**2 - 15*r - 18. Determine p(-4).
-6
Let d(u) = -9*u - 1. What is d(5)?
-46
Let l(i) = -i + 19. Calculate l(5).
14
Let w(i) = -6*i**2 + 3*i - 19. What is w(4)?
-103
Let n(c) = 4*c**3 - c**2 + 2*c - 2. Give n(1).
3
Let m(l) = -5*l + 10. Calculate m(2).
0
Let x(w) = -w**2 + 7*w + 3. What is x(8)?
-5
Let t(z) = z - 11. Determine t(9).
-2
Let w(g) = -g**2 - 10*g - 8. Give w(-8).
8
Let r(p) = -p**3 - 7*p**2 + 2*p - 56. Determine r(-8).
-8
Let v(o) = -17*o - 128. Determine v(-8).
8
Let i(c) = -c**2 + 16*c + 134. What is i(-6)?
2
Let h(m) = m**2 + 8*m - 22. Give h(-12).
26
Let z(l) = l - 19. Determine z(5).
-14
Let r(a) = -2*a**2 + 5*a + 1. Give r(5).
-24
Let w(s) = 15*s - 6. Determine w(3).
39
Let j(a) = 3*a**3 + 2*a**2 - 1. Determine j(-1).
-2
Let x(u) = -2*u**3 - 6*u**2 - 2*u + 4. Determine x(-3).
10
Let n(x) = x**3 - 5*x**2 + 2*x - 16. Determine n(4).
-24
Let f(r) = 6*r - 5. Calculate f(4).
19
Let n(j) = 7*j - 99. Calculate n(15).
6
Let s(a) = 2*a**2 - 6*a - 4. What is s(3)?
-4
Let q(r) = -r**3 + 4*r**2 + 23*r - 11. Calculate q(7).
3
Let c(j) = -j + 5. Determine c(6).
-1
Let d(y) = 33*y - 12. Calculate d(-4).
-144
Let x(c) = -6*c + 4. What is x(2)?
-8
Let u(m) = 2*m**2 + 3*m + 6. Give u(3).
33
Let n(i) = -i**3 - 2*i**2 - i + 2. Give n(-3).
14
Let r(n) = -22*n + 10. Give r(6).
-122
Let w(a) = -a**2 - 47*a - 282. Calculate w(-40).
-2
Let v(y) = y - 61. What is v(18)?
-43
Let r(p) = 5*p - 15. Give r(5).
10
Let a(g) = g**2 + 22*g + 24. What is a(-22)?
24
Let c(h) = -h + 5. Give c(10).
-5
Let q(r) = -7*r + 69. Determine q(10).
-1
Let w(c) = -13*c - 19. What is w(-5)?
46
Let s(w) = w**3 - 4*w**2 + 9*w - 10. Give s(3).
8
Let t(x) = 169*x - 4. What is t(1)?
165
Let b(g) = -9*g**2 + 2*g - 2. Give b(1).
-9
Let u(m) = -15*m - 35. What is u(9)?
-170
Let a(u) = u**3 + 28*u**2 - 5*u - 151. Calculate a(-28).
-11
Let a(f) = -f + 9. Determine a(-6).
15
Let b(n) = -8*n + 3. Calculate b(2).
-13
Let a(b) = b - 11. Determine a(-4).
-15
Let l(o) = o**3 - 9*o**2 + 21*o - 13. What is l(6)?
5
Let s(x) = x + 6. What is s(-4)?
2
Let a(z) = z**3 - 10*z**2 + z - 2. Give a(9).
-74
Let m(f) = f**3 - f**2 + 2*f + 1. Give m(0).
1
Let o(a) = 22*a**2 - 2*a - 3. Calculate o(-1).
21
Let d(v) = 46*v + 93. Give d(-2).
1
Let o(y) = 6*y + 27. What is o(-9)?
-27
Let d(a) = a**3 + 4*a**2 - 3*a - 1. Give d(-5).
-11
Let h(x) = -2*x - 6. What is h(3)?
-12
Let n(f) = -f**3 - 10*f**2 - 13*f - 24. Determine n(-9).
12
Let v(t) = 89*t + 97. What is v(-1)?
8
Let b(a) = -6*a - 118. Determine b(-27).
44
Let i(f) = 89*f - 268. Determine i(3).
-1
Let i(t) = -t**3 + 9*t**2 + 35*t - 252. Calculate i(10).
-2
Let x(i) = i**3 + 18*i**2 + 32*i - 2. Determine x(-16).
-2
Let n(l) = 15*l**2 - 2*l + 4. What is n(1)?
17
Let w(n) = 67*n**3 + n + 2. Give w(-1).
-66
Let j(k) = -2*k**2 - 34*k - 136. What is j(-5)?
-16
Let a(y) = y**3 + 17*y**2 + 1. Determine a(-17).
1
Let q(h) = -h**3 - 15*h**2 - 15*h - 8. Give q(-14).
6
Let t(z) = -z**3 - 2*z**2 - 3*z + 2. What is t(-3)?
20
Let m(g) = -48*g**2 - 3*g + 2. Give m(1).
-49
Let g(w) = -w - 14. Calculate g(0).
-14
Let l(k) = -8*k**3 + 2*k**2 - k. Give l(1).
-7
Let k(b) = -5*b + 45. Calculate k(10).
-5
Let d(q) = -7*q + 17. Give d(3).
-4
Let l(x) = x**3 - 5*x**2 + 3*x - 3. Determine l(4).
-7
Let r(k) = -23*k - 64. What is r(-3)?
5
Let a(v) = -2*v**2 + 46*v - 9. What is a(23)?
-9
Let x(p) = -3*p - 35. Calculate x(-21).
28
Let m(c) = -4*c - 6. Give m(9).
-42
Let m(z) = -3*z**2 - 24*z - 13. Calculate m(-6).
23
Let j(l) = -2*l**2 + 2*l - 1. Give j(2).
-5
Let l(b) = b**3 + 4*b**2 - 2*b + 4. Give l(-4).
12
Let i(t) = 4*t - 63. Determine i(22).
25
Let w(j) = -j**3 - 4*j**2 + 2*j + 4. Give w(-3).
-11
Let i(w) = 3*w**2 - 31*w + 36. Give i(9).
0
Let z(h) = -h**2 + 12*h + 3. What is z(0)?
3
Let l(n) = 2*n + 12. Calculate l(-3).
6
Let w(n) = 2*n**2 - 7*n - 95. Determine w(-5).
-10
Let t(f) = f**3 + 14*f**2 + 6*f - 1. What is t(-14)?
-85
Let p(q) = q**3 + 21*q**2 + 6. What is p(-21)?
6
Let a(t) = -13*t + 948. Calculate a(73).
-1
Let n(m) = -m**3 - 6*m**2 - 71*m - 699. Calculate n(-8).
-3
Let t(n) = -n**2 + 18*n + 23. What is t(20)?
-17
Let l(s) = -22*s + 15. Calculate l(1).
-7
Let w(u) = 5*u - 26. Calculate w(5).
-1
Let g(w) = -w**2 + 6*w + 9. Determine g(7).
2
Let j(b) = -b**2 - 9*b - 56. Give j(-13).
-108
Let t(r) = r**2 + 17*r + 16. What is t(-12)?
-44
Let r(j) = -j**3 - 6*j**2 + 9*j + 5. Calculate r(-7).
-9
Let k(j) = -4*j - 29. Determine k(-13).
23
Let n(d) = -75*d**2 - 2*d - 1. What is n(-1)?
-74
Let n(w) = -w**2 + 4*w - 5. Give n(3).
-2
Let h(y) = -2*y**2 - 4*y - 41. Determine h(0).
-41
Let x(y) = 3*y**3 - 83*y**2 - 29*y + 23. Ca